at is -87dd7 (base 15) in base 13?
-121699
What is 427015 (base 8) in base 14?
3a0c5
313612 (base 8) to base 5
11314310
2550303 (base 7) to base 14
88b3a
Convert 43271 (base 12) to base 11.
60546
Convert -1784878 (base 11) to base 16.
-2e1e57
Convert -124a17a (base 11) to base 9.
-4060753
-1320073 (base 8) to base 11
-232011
Convert 32300426 (base 9) to base 11.
8888507
What is -22b2c4 (base 16) in base 8?
-10531304
What is -1436560 (base 9) in base 6?
-24551213
12184227 (base 9) to base 11
3401229
-7a33 (base 13) to base 4
-10023113
-1100011110101111110 (base 2) to base 12
-1787ba
What is d0a69 (base 15) in base 13?
1a1819
7cea1 (base 15) to base 5
100220201
-10110100011111101000 (base 2) to base 6
-23502412
Convert -4120400443 (base 5) to base 11.
-47a9008
Convert 230441042 (base 5) to base 8.
3735164
What is 100001100110001001 (base 2) in base 15?
2ab8e
What is 10ab84 (base 14) in base 10?
567536
-4967e3 (base 16) to base 3
-100001102001221
Convert -2094096 (base 11) to base 10.
-3680320
Convert -6c9e9c (base 15) to base 14.
-994166
What is 713746 (base 9) in base 4?
1213030230
Convert -4734230 (base 12) to base 5.
-12010131304
Convert 8462a (base 11) to base 7.
1022133
Convert -272b2a (base 12) to base 11.
-402851
Convert 1433237 (base 9) to base 16.
c0cc7
Convert 5044215 (base 6) to base 13.
84c83
1021010002210010 (base 3) to base 10
18130071
-11100110000100110001 (base 2) to base 11
-594034
What is 117795 (base 11) in base 2?
101101011001101000
What is -8a43 (base 16) in base 9?
-53487
-15b5889 (base 12) to base 9
-8360116
-54021402 (base 6) to base 14
-2d5266
Convert 20d1a (base 14) to base 2.
10011011000101100
What is -264083 (base 14) in base 10?
-1317235
What is 400b29 (base 12) in base 8?
3633121
-217100 (base 8) to base 4
-101321000
Convert -5631200 (base 8) to base 9.
-2766353
-1011110100001111101 (base 2) to base 15
-79ad2
Convert -59a0659 (base 11) to base 9.
-21603741
-158311 (base 14) to base 11
-474374
100111100100001010101110 (base 2) to base 3
201111221101012
What is 142651 (base 10) in base 9?
236611
50211425 (base 6) to base 2
101011001111011001001
Convert -7c8262 (base 14) to base 2.
-10000001101001001111110
What is -2030033313 (base 4) in base 14?
-10d4c7
-202102102 (base 4) to base 13
-4bbc8
What is -1a6a1aa (base 12) in base 5?
-2414210044
Convert -165796 (base 12) to base 8.
-1354042
What is -812620 (base 9) in base 16?
-75693
What is -657a6 (base 14) in base 7?
-2042266
What is 3334325 (base 6) in base 3?
22112200122
Convert 211022202220 (base 3) to base 8.
1532176
Convert -21862 (base 14) to base 9.
-133375
Convert -c60a (base 14) to base 11.
-236a3
Convert 15662133 (base 8) to base 4.
31312101123
What is -83153 (base 10) in base 5?
-10130103
Convert -94bcf (base 16) to base 5.
-123443411
-2639d (base 15) to base 10
-122323
What is 112002101122 (base 3) in base 12?
11458b
What is -3846604 (base 9) in base 6?
-112544051
What is 3423144 (base 6) in base 5?
21040001
Convert -e189b5 (base 16) to base 6.
-1244445513
6327262 (base 10) to base 15
84eb27
23024441 (base 5) to base 16
320c4
What is -1160301 (base 7) in base 12?
-72296
Convert 1001000001110111101110 (base 2) to base 11.
1377370
52518 (base 11) to base 15
179e6
-3658706 (base 9) to base 2
-111100101010011110011
Convert -431012311 (base 5) to base 11.
-1029527
235440415 (base 6) to base 14
8447b5
What is 1371071 (base 8) in base 2?
1011111001000111001
12303450 (base 6) to base 4
1201001112
What is -35932 (base 11) in base 15?
-104bc
109020 (base 15) to base 12
321070
Convert -1010100011101011111 (base 2) to base 15.
-6c786
Convert -6376367 (base 8) to base 12.
-6a175b
Convert 2e4c1 (base 16) to base 15.
3b2c3
What is 7400173 (base 10) in base 8?
34165355
What is -2876307 (base 9) in base 2?
-110000011001010100001
Convert -21012110120 (base 3) to base 7.
-1130211
388266a (base 11) to base 13
1515515
-10010000010001001010111 (base 2) to base 8
-22021127
Convert 5492403 (base 11) to base 6.
542315223
Convert -206c1 (base 14) to base 8.
-230541
What is 838d23 (base 14) in base 2?
10000111100100100000011
628233 (base 11) to base 3
1220010200022
Convert -26c2 (base 15) to base 10.
-8282
Convert 1161012 (base 7) to base 12.
72426
322333232 (base 4) to base 10
241646
What is -198cce (base 15) in base 12?
-500512
What is 185595 (base 13) in base 15?
c13c3
50015 (base 10) to base 16
c35f
395817 (base 15) to base 11
160aa55
Convert 26364445 (base 7) to base 4.
21032223100
-94719 (base 14) to base 13
-c7004
421322110 (base 5) to base 10
1745280
42540642 (base 7) to base 6
205355053
What is -1878274 (base 12) in base 13?
-10aa964
6926598 (base 10) to base 4
122123010012
What is -101000132 (base 4) in base 7?
-410045
-40867 (base 10) to base 15
-c197
Convert -405032031 (base 6) to base 4.
-122202100303
What is -1101142 (base 8) in base 5?
-33424042
What is 1101000101101101001010 (base 2) in base 9?
6408701
-3654618 (base 9) to base 7
-22604465
Convert -3571279 (base 10) to base 4.
-31213321033
5968a7 (base 11) to base 12
397613
86355 (base 12) to base 8
531161
What is -2682137 (base 11) in base 4?
-101222032003
What is 2a3995 (base 11) in base 8?
1635142
1904053 (base 10) to base 9
3521774
What is -1679 (base 11) in base 4?
-201133
Convert -c664b (base 15) to base 11.
-39a784
Convert c4ab (base 15) to base 14.
11209
What is -7180 (base 16) in base 14?
-a836
Convert 463f4 (base 16) to base 13.
a0c73
What is -1449d (base 14) in base 8?
-142213
Convert -1365934 (base 12) to base 14.
-7292d2
What is 20001320231 (base 4) in base 15?
2b8a02
Convert 254251 (base 9) to base 2.
100101100110101011
Convert -22312200 (base 4) to base 2.
-1010110110100000
What is -711b9 (base 14) in base 6?
-5455155
-5e2854 (base 15) to base 2
-10001001110000111001110
4266342 (base 10) to base 14
7d0b0a
Convert 3466221 (base 8) to base 5.
220222142
What is 11010110100101000111111 (base 2) in base 6?
410412331
ae25e (base 15) to base 9
1033888
Convert 59657 (base 12) to base 6.
2324151
10abd8b (base 14) to base 16
794137
What is -115142554 (base 6) in base 12?
-8a4a5a
What is 18076ba (base 13) in base 15?
a45284
2392193 (base 10) to base 7
26222216
Convert -10c90 (base 13) to base 10.
-30706
What is 53503216 (base 7) in base 13?
c36880
What is 130792 (base 10) in base 14?
35944
-13114220 (base 5) to base 6
-2434354
363643 (base 8) to base 7
1026644
-10866 (base 14) to base 5
-2240244
What is 132502065 (base 7) in base 8?
40505750
What is 38c1ab (base 14) in base 7?
22416004
What is -40021 (base 13) in base 4?
-123321133
Convert -13066454 (base 8) to base 2.
-1011000110110100101100
Convert 100110111010010100110 (base 2) to base 13.
358486
What is 12010101201 (base 3) in base 13?
36bcb
Convert -8c279 (base 15) to base 4.
-1230321300
What is 613733 (base 8) in base 16?
317db
What is 6566233 (base 7) in base 5?
201302030
What is -102272 (base 12) in base 8?
-755366
Convert 2147152 (base 8) to base 15.
b6005
What is 1124441 (base 7) in base 8?
423067
Convert -1012221012100 (base 3) to base 14.
-12c33b
-1101100212001 (base 3) to base 9
-1340761
Convert 100011001001011100 (base 2) to base 13.
506b2
What is 112222120022 (base 3) in base 10?
294929
What is -7dd782 (base 16) in base 6?
-452433202
11313003 (base 4) to base 6
303043
What is 12220102010 (base 3) in base 9?
186363
-4115055 (base 7) to base 12
-1b8573
What is -11105020 (base 7) in base 15?
-13e56d
What is 2332360 (base 8) in base 10?
636144
Convert 21002001021010 (base 3) to base 7.
43651122
Convert -102120214 (base 7) to base 6.
-333022441
32055024 (base 6) to base 14
1a6b68
1453010 (base 10) to base 13
3bb490
Convert -57653214 (base 8) to base 11.
-7095155
Convert 42125 (base 12) to base 14.
2379b
Convert 9074a2 (base 11) to base 2.
101100100010010101100
Convert -5619e (base 16) to base 13.
-c46a6
Convert -212dcc (base 16) to base 10.
-2174412
11000102100 (base 3) to base 9
130370
-4003a0a (base 11) to base 10
-7091457
-101110101000000000001 (base 2) to base 16
-175001
-ebb2b7 (base 15) to base 2
-101010110100101100010000
Convert -10244111 (base 5) to base 3.
-11102220021
What is -4463444 (base 8) in base 16?
-126724
What is -3a5ad (base 14) in base 8?
-430715
What is -148d11 (base 16) in base 6?
-44511201
286511 (base 11) to base 5
103312313
Wha